6). Suppose -h = -2*q + q. Suppose m + 0 = q. List the prime factors of m.
2
Suppose 0 = 5*a - 3*s - 313, -3*a = -s - 54 - 133. Suppose 2*h = a + 28. Suppose -2*d - h = -5*b, -2*b - d - 33 = -6*b. What are the prime factors of b?
7
Suppose 0 = -3*x - 35 + 599. List the prime factors of x.
2, 47
Suppose 0 = -2*l - 71 - 17. Let s = l + 68. Suppose 2*a - s = 4. List the prime factors of a.
2, 7
Suppose 2*u = 5*u - 24. Let i = u + -5. What are the prime factors of i?
3
Let i(j) = -j**3 + 6*j**2 - 7*j + 6. Let n be i(5). Let a = n - -18. Let d = -10 + a. List the prime factors of d.
2
Let z(h) = -h + 1. Let p be z(-3). Suppose -2*b = 3*b - 4*x - 282, p*b + 5*x = 242. Suppose -3*a = -o - 38, a + 4*a + o = b. List the prime factors of a.
2, 3
Let k(g) = 4*g**2 + g. Let v be k(-1). Suppose -6*t + v*t = -108. List the prime factors of ((-3)/(-6))/(1/t).
2, 3
Let t = -2 + 4. Let b be (t*2)/(6/(-15)). List the prime factors of (b/(-4))/((-3)/(-6)).
5
Let x = 128 - 44. Let w = x - 59. List the prime factors of w.
5
Suppose 0 = 3*x + 3*a + 4 - 37, -a = -x + 7. List the prime factors of x.
3
Let a = 1 - -44. Suppose 2*c - a = -c. Suppose 2*o - 35 = 3*g, -2*o + c = 2*g - g. List the prime factors of o.
2, 5
Suppose 70 = 3*a - 4*a. List the prime factors of (1/2)/((-7)/a).
5
Let z(h) = -h**3 - 11*h**2 - 12*h. What are the prime factors of z(-10)?
2, 5
Suppose 0 = y + 13 - 29. What are the prime factors of y?
2
Suppose -l + 0*l = -5. Suppose -2*v + 34 = -0*v. Suppose -38 = -l*u + v. List the prime factors of u.
11
What are the prime factors of 9/6*-2 - -32?
29
Suppose -2*y + 14 + 4 = 0. What are the prime factors of y?
3
Let d(y) = 6*y - 65. What are the prime factors of d(18)?
43
Let a(h) = -h**3 + h**2 + 8. Let b(j) = -j + 5. Let m be b(5). List the prime factors of a(m).
2
List the prime factors of (1 + -1 + -1)/(1/(-120)).
2, 3, 5
Let u(h) = 76*h**2 - 1 - 80*h**2 + 2*h**3 - h + 3*h. List the prime factors of u(3).
23
Let o = -22 + 31. Let n(s) = 3*s**2 - 9*s - 10. Let u(m) = 4*m**2 - 10*m - 11. Let f(t) = 3*n(t) - 2*u(t). What are the prime factors of f(o)?
2, 5
Suppose -g - 40 = 4*g. Let j = 1 - 6. Let y = j - g. List the prime factors of y.
3
Suppose -k + 1 + 2 = 0. Let j(o) = o**3 - 2*o**2 - 4*o + 2. Let w be j(k). List the prime factors of 16 + -1 + (2 - w).
2, 3
List the prime factors of 2634/42 - 4/(-14).
3, 7
Let i(m) = -2*m - 10. Let u(t) = -6*t**2 + 2*t + 1. Let y be u(-1). List the prime factors of i(y).
2
List the prime factors of (-1504)/(-24) - (-2)/6.
3, 7
List the prime factors of (3 - -1 - 8) + 50.
2, 23
Suppose 0 = 5*o - 3*s - 4, 3*s = -2*o - 2*s + 14. Suppose 4*n = o*n - 16. Let d = -5 - n. List the prime factors of d.
3
List the prime factors of (-3 + 15)/((-18)/(-12)).
2
Let h = 59 - -13. Let o(j) = -j - 10. Let r be o(-13). Suppose 3*w = -4*t + h, -26 = -5*t - r*w + 64. What are the prime factors of t?
2, 3
List the prime factors of (-1)/(-4) + 0 + (-7125)/(-60).
7, 17
Suppose 4 + 0 = k. Suppose 13 = -k*b + 117. What are the prime factors of b?
2, 13
List the prime factors of (3/6)/(1/60).
2, 3, 5
Suppose 5*u = 2*u + x + 56, -u - 3*x + 2 = 0. What are the prime factors of u?
17
Let u(i) = i + 2. Let r be u(1). Suppose -g = -6*g - r*s + 20, 0 = -g + s + 12. List the prime factors of g.
7
What are the prime factors of 4/38 + 18690/57?
2, 41
Suppose v + 2*v = -5*a + 44, 0 = -2*v + 2*a + 24. What are the prime factors of v?
13
Let p = 26 - -1. List the prime factors of p.
3
Let d = -2 - -10. Let k be 3/4 - 6/d. Suppose k*m + 3 = m. What are the prime factors of m?
3
Let r(o) = -10*o - 29 + 3*o + 28. List the prime factors of r(-3).
2, 5
Let v be (0 - 6)*2/(-6). Suppose v*j + 10 = 3*j. List the prime factors of j.
2, 5
What are the prime factors of (4 - 2*-38) + -5?
3, 5
Let s = -3 + 8. Suppose 0 = -x - r + 6, -s*x + 7*r + 6 = 4*r. What are the prime factors of x?
3
Suppose -2 = -4*x + 6. Let z(t) = -t**2 - 2*t - t**2 + 3*t**x - 5*t. List the prime factors of z(8).
2
Suppose 5*d - 122 = -t, 2*d - 31 - 28 = 3*t. List the prime factors of d.
5
What are the prime factors of ((-12)/22)/(-3) - (-6495)/33?
197
Let z = 118 + -75. What are the prime factors of z?
43
Let n = 19 - 5. List the prime factors of 3*n*2/4.
3, 7
Let z(t) = -6*t. Let o be z(-1). Suppose 2*h = o*c - 2*c - 6, -3*c + 5*h = 6. What are the prime factors of c?
3
Let r be (-4)/(-12) + 56/3. Let q = 28 - r. List the prime factors of q.
3
Suppose -15 = -k - 1. Suppose -w = 4*y - 17, 4*w - k = 6. Suppose -l = -3*o - 9 + 2, -y*l - o = -31. What are the prime factors of l?
2, 5
Let q = -61 + 58. Let x = -7 + 20. Let z = x + q. List the prime factors of z.
2, 5
Let l = 187 + -130. Suppose -43 = -4*p + l. List the prime factors of p.
5
Let c(q) = -q + 6. Let g be c(6). What are the prime factors of (70/(-5))/(g + -1)?
2, 7
Suppose 4*l - 24 = -w, -11 = -l - 5*w + 14. Let m be (6/(-8))/((-13)/52). Suppose -l*i + m*i = -32. List the prime factors of i.
2
What are the prime factors of (-1902)/(-42) + (-4)/14?
3, 5
Let b(v) = v + 5. Let g be b(-6). Let z = -4 - -8. What are the prime factors of g/z + 57/4?
2, 7
Let l be (26/(-2))/(1/(-3)). Suppose 3*j = 2*n - 51 + 12, -3*n - 2*j + l = 0. List the prime factors of n.
3, 5
Let k(h) = -h**2 - 22*h - 9. List the prime factors of k(-16).
3, 29
Suppose -3*p + p = -5*m + 26, -7 = 2*m + 5*p. Suppose 0 = -4*k - 0*k - 3*x + 53, -m*k - 5*x + 51 = 0. What are the prime factors of k?
2, 7
Let x(f) = f**2 - f + 72. Let a be 0/(-2 + 5 + -4). Let o be x(a). Suppose 4*w - w - 19 = 4*i, 4*w - o = -4*i. List the prime factors of w.
13
Let m be 2/(3 + (-51)/18). Let k be m/8*4*-2. Let o = k - -25. What are the prime factors of o?
13
Let v be (1 - 2)/(2/(-6)). Suppose 5 = v*g + 14. Let q = 6 + g. List the prime factors of q.
3
Let r be -2 + 0 + 7 - 0. Suppose r*m + 0*m = 120. What are the prime factors of m?
2, 3
Let v(u) = -u + 1. Let s(q) = 5*q - 3. Let i(b) = s(b) + 4*v(b). Let p be i(-3). What are the prime factors of 1*2*(p + 3)?
2
Suppose -2*k - 3 = -0*s - s, -4 = 3*k - 2*s. Let c be -8*(2/4 + k). Suppose -c = -t - 3*t. What are the prime factors of t?
3
Suppose -141 = -15*a + 1884. What are the prime factors of a?
3, 5
Suppose -111 = -x - 2*q, -4*x + 197 + 277 = -2*q. Suppose 4*a - x = -3*i, -2*i + 15 = 3*i. List the prime factors of a.
3
Suppose -2 = -3*t + 10. Let d = t + 1. What are the prime factors of d?
5
Let l(a) = -a**3 - 6*a**2 + 7*a. Let c be l(-7). Suppose c*n - 20 = -4*n - 4*r, n + 3*r = -3. What are the prime factors of (n/12)/((-2)/(-16))?
2, 3
Suppose -30*f - 70 = -32*f. List the prime factors of f.
5, 7
What are the prime factors of ((-34)/(-8) + -2)/((-30)/(-880))?
2, 3, 11
Suppose 0*g + 2*g = 2. Suppose -3*p - 1 = 4*k, -p = 2*k - 0*p - g. What are the prime factors of k?
2
Let z(c) = -c**3 + 11*c**2 - 10*c. Let x be z(10). List the prime factors of (2 - -24) + x - -2.
2, 7
Let s = -35 - -108. What are the prime factors of s?
73
Suppose 17 = 2*l - 3*z - 1, z - 8 = -4*l. List the prime factors of l.
3
Let i = 87 - 28. List the prime factors of i.
59
Suppose 5*v = o + 56, o = 3*v - 2*o - 24. Suppose t = -r - r - 1, 6 = 3*r + 4*t. Let j = v - r. What are the prime factors of j?
2, 7
Let f(l) = -l + 19. Suppose 0 = 5*q + 64 + 11. List the prime factors of f(q).
2, 17
Let b = -143 + 343. Suppose j + b = 6*j. What are the prime factors of j?
2, 5
Let n be 1*(-1 - (0 + -2)). Suppose -2*b - 2*b = 0. Suppose -q + n + 8 = b. What are the prime factors of q?
3
Let t(a) = -3*a - 2*a + 8 + 4*a + 2*a. Let s be (1 - 2) + -1 + 2. What are the prime factors of t(s)?
2
Let p = 5 - 3. Suppose 4*w + 2 = p*f, 5*w + 0*f + 3*f = -19. What are the prime factors of (-1 - w) + (-10)/(-2)?
2, 3
Suppose 0 = -5*x + 107 + 258. What are the prime factors of x?
73
List the prime factors of 3/(-1) - -40 - 3.
2, 17
Let r(p) = p**2 - 6*p + 6. Suppose 0 = 5*g - g - 24. Let f be r(g). Suppose 0 = 3*o - f*o + 9. List the prime factors of o.
3
Let j = 1 + -1. Let k(s) = s + 11. What are the prime factors of k(j)?
11
Let c = 17 - 12. Suppose 27 = r - c*u, -r + u = -u - 21. What are the prime factors of r?
17
Suppose 0 = s - 1 - 1. Suppose 2*w - 4*w - 5*p = -9, s*p = 4*w - 78. What are the prime factors of w?
17
Let n = 53 - -108. List the prime factors of n.
7, 23
Let s = 